{"id":4643,"date":"2021-10-08T19:22:10","date_gmt":"2021-10-08T18:22:10","guid":{"rendered":"http:\/\/www.artinbox.cz\/?page_id=4643"},"modified":"2021-10-08T19:22:10","modified_gmt":"2021-10-08T18:22:10","slug":"lubos-plny-1961","status":"publish","type":"page","link":"https:\/\/www.artinbox.cz\/?page_id=4643","title":{"rendered":"Lubo\u0161 Pln\u00fd (*1961)"},"content":{"rendered":"\n<figure class=\"wp-block-pullquote\" style=\"border-color:#000000\"><blockquote class=\"has-text-color has-black-color\"><p>Lubo\u0161 Pln\u00fd is a Czech painter and a conceptual artist. Since he did not attend an art school, is completely self-taught and creating art often served him as a form of autotherapy, his work is often classified into art brut. The main focus of his art is on the human body, often with close attention to anatomy. This can be seen in his \u201canatomical self-portraits\u201d, forming a substantial portion of hi oeuvre. In these ink drawings, he slices his body into single layers, analyzing them in great detail. This elaborate way of recording his own body appears also in Pln\u00fd\u2019s conceptual projects, such as his long-term quest to obtain the title of \u201cAcademic model\u201d, during which he aimed to perfect his posture, art history knowledge and collected a broad range of medical data. In his diaries, he almost obsessively documents all his daily activities, information about his health and also astrological and meteorological data. In 2017, he was the only Czech artist presented at the international exhibition <em>Viva Arte Viva!<\/em> at the 57<sup>th<\/sup> Venice Biennale. Some of the artworks presented were on loan from the French art brut collector Bruno Decharme\u2019s collection and from Centre Pompidou in Paris, which owns several of his pieces.\u00a0<\/p><\/blockquote><\/figure>\n\n\n\n<div class=\"wp-block-columns is-layout-flex wp-container-7 wp-block-columns-is-layout-flex\">\n<div class=\"wp-block-column is-layout-flow wp-block-column-is-layout-flow\">\n<div class=\"wp-block-group\"><div class=\"wp-block-group__inner-container is-layout-flow wp-block-group-is-layout-flow\">\n<figure class=\"wp-block-gallery columns-2 is-cropped wp-block-gallery-1 is-layout-flex wp-block-gallery-is-layout-flex\"><ul class=\"blocks-gallery-grid\"><li class=\"blocks-gallery-item\"><figure><img decoding=\"async\" loading=\"lazy\" width=\"1024\" height=\"768\" src=\"http:\/\/www.artinbox.cz\/wp-content\/uploads\/2021\/10\/624dc70e-31b4-43a8-abe8-399ba56535f1-1-1024x768.jpg\" alt=\"\" data-id=\"4563\" data-full-url=\"http:\/\/www.artinbox.cz\/wp-content\/uploads\/2021\/10\/624dc70e-31b4-43a8-abe8-399ba56535f1-1.jpg\" data-link=\"http:\/\/www.artinbox.cz\/?attachment_id=4563\" class=\"wp-image-4563\" srcset=\"https:\/\/www.artinbox.cz\/wp-content\/uploads\/2021\/10\/624dc70e-31b4-43a8-abe8-399ba56535f1-1-1024x768.jpg 1024w, https:\/\/www.artinbox.cz\/wp-content\/uploads\/2021\/10\/624dc70e-31b4-43a8-abe8-399ba56535f1-1-600x450.jpg 600w, https:\/\/www.artinbox.cz\/wp-content\/uploads\/2021\/10\/624dc70e-31b4-43a8-abe8-399ba56535f1-1-768x576.jpg 768w, https:\/\/www.artinbox.cz\/wp-content\/uploads\/2021\/10\/624dc70e-31b4-43a8-abe8-399ba56535f1-1-1536x1152.jpg 1536w, https:\/\/www.artinbox.cz\/wp-content\/uploads\/2021\/10\/624dc70e-31b4-43a8-abe8-399ba56535f1-1-305x229.jpg 305w, https:\/\/www.artinbox.cz\/wp-content\/uploads\/2021\/10\/624dc70e-31b4-43a8-abe8-399ba56535f1-1.jpg 2016w\" sizes=\"(max-width: 1024px) 100vw, 1024px\" \/><\/figure><\/li><li class=\"blocks-gallery-item\"><figure><img decoding=\"async\" loading=\"lazy\" width=\"1024\" height=\"768\" src=\"http:\/\/www.artinbox.cz\/wp-content\/uploads\/2021\/10\/a477d130-4301-4d83-8552-0e84040d2a25-2-1024x768.jpg\" alt=\"\" data-id=\"4564\" data-full-url=\"http:\/\/www.artinbox.cz\/wp-content\/uploads\/2021\/10\/a477d130-4301-4d83-8552-0e84040d2a25-2.jpg\" data-link=\"http:\/\/www.artinbox.cz\/?attachment_id=4564\" class=\"wp-image-4564\" srcset=\"https:\/\/www.artinbox.cz\/wp-content\/uploads\/2021\/10\/a477d130-4301-4d83-8552-0e84040d2a25-2-1024x768.jpg 1024w, https:\/\/www.artinbox.cz\/wp-content\/uploads\/2021\/10\/a477d130-4301-4d83-8552-0e84040d2a25-2-600x450.jpg 600w, https:\/\/www.artinbox.cz\/wp-content\/uploads\/2021\/10\/a477d130-4301-4d83-8552-0e84040d2a25-2-768x576.jpg 768w, https:\/\/www.artinbox.cz\/wp-content\/uploads\/2021\/10\/a477d130-4301-4d83-8552-0e84040d2a25-2-1536x1152.jpg 1536w, https:\/\/www.artinbox.cz\/wp-content\/uploads\/2021\/10\/a477d130-4301-4d83-8552-0e84040d2a25-2-305x229.jpg 305w, https:\/\/www.artinbox.cz\/wp-content\/uploads\/2021\/10\/a477d130-4301-4d83-8552-0e84040d2a25-2.jpg 1913w\" sizes=\"(max-width: 1024px) 100vw, 1024px\" \/><\/figure><\/li><\/ul><\/figure>\n\n\n\n<div class=\"wp-block-columns is-layout-flex wp-container-4 wp-block-columns-is-layout-flex\">\n<div class=\"wp-block-column is-layout-flow wp-block-column-is-layout-flow\">\n<figure class=\"wp-block-pullquote\" style=\"border-color:#000000\"><blockquote class=\"has-text-color has-black-color\"><p>\u00a0Lubo\u0161 Pln\u00fd je \u010desk\u00fd mal\u00ed\u0159 a konceptu\u00e1ln\u00ed um\u011blec. Jeliko\u017e neabsolvoval \u017e\u00e1dnou um\u011bleckou \u0161kolu, je autodidakt a jeho tvorba m\u00e1 \u010dasto autoterapeutick\u00fd rozm\u011br, jeho tvorba je \u010dasto \u0159azena do kategorie art brut. Zam\u011b\u0159uje se zejm\u00e9na na lidsk\u00e9 t\u011blo, \u010dasto na jeho anatomii. Tuto tendenci m\u016f\u017eeme pozorovat v\u00a0jeho \u201eanatomick\u00fdch auto-portr\u00e9tech\u201c, kter\u00e9 tvo\u0159\u00ed z\u00e1sadn\u00ed \u010d\u00e1st jeho tvorby. V\u00a0t\u011bchto tu\u0161ov\u00fdch kresb\u00e1ch Pln\u00fd rozkl\u00e1d\u00e1 t\u011blo na jednotliv\u00e9 vrstvy a org\u00e1ny, kter\u00e9 velmi podrobn\u011b zkoum\u00e1. Tento propracovan\u00fd zp\u016fsob zkoum\u00e1n\u00ed vlastn\u00edho t\u011bla se objevuje i v\u00a0jeho konceptu\u00e1ln\u00edch projektech, jako byla nap\u0159\u00edklad jeho dlouhodob\u00e1 cesta k\u00a0z\u00edsk\u00e1n\u00ed titulu \u201eakademick\u00fd model\u201c, b\u011bhem n\u00ed\u017e si kladl za c\u00edl zlep\u0161it sv\u00e9 dr\u017een\u00ed t\u011bla a v\u011bdomosti z\u00a0d\u011bjin um\u011bn\u00ed a sesb\u00edral mnoho dat o sv\u00e9m t\u011blesn\u00e9m zdrav\u00ed. Ve sv\u00fdch den\u00edc\u00edch si skoro a\u017e obsedantn\u011b zaznamen\u00e1v\u00e1 sv\u00e9 ka\u017edodenn\u00ed aktivity, informace o sv\u00e9m zdrav\u00ed a astrologick\u00e1 a meteorologick\u00e1 data. V\u00a0roce 2017 byl Pln\u00fd jedin\u00fdm \u010desk\u00fdm um\u011blcem vystaven\u00fdm na mezin\u00e1rodn\u00ed v\u00fdstav\u011b <em>Viva Arte Viva!<\/em> V\u00a0r\u00e1mci 57. Bien\u00e1le v\u00a0Ben\u00e1tk\u00e1ch. \u0158ada z\u00a0vystaven\u00fdch d\u011bl byla zap\u016fj\u010dena ze sb\u00edrky francouzsk\u00e9ho sb\u011bratele art brutu Bruno Decharma a z\u00a0pa\u0159\u00ed\u017esk\u00e9ho Centre Pompidou, kter\u00e9 vlastn\u00ed n\u011bkolik jeho d\u011bl.<\/p><\/blockquote><\/figure>\n<\/div>\n<\/div>\n<\/div><\/div>\n<\/div>\n<\/div>\n","protected":false},"excerpt":{"rendered":"<p> [&hellip;]<\/p>\n","protected":false},"author":3,"featured_media":0,"parent":0,"menu_order":0,"comment_status":"closed","ping_status":"closed","template":"","meta":{"footnotes":""},"_links":{"self":[{"href":"https:\/\/www.artinbox.cz\/index.php?rest_route=\/wp\/v2\/pages\/4643"}],"collection":[{"href":"https:\/\/www.artinbox.cz\/index.php?rest_route=\/wp\/v2\/pages"}],"about":[{"href":"https:\/\/www.artinbox.cz\/index.php?rest_route=\/wp\/v2\/types\/page"}],"author":[{"embeddable":true,"href":"https:\/\/www.artinbox.cz\/index.php?rest_route=\/wp\/v2\/users\/3"}],"replies":[{"embeddable":true,"href":"https:\/\/www.artinbox.cz\/index.php?rest_route=%2Fwp%2Fv2%2Fcomments&post=4643"}],"version-history":[{"count":1,"href":"https:\/\/www.artinbox.cz\/index.php?rest_route=\/wp\/v2\/pages\/4643\/revisions"}],"predecessor-version":[{"id":4644,"href":"https:\/\/www.artinbox.cz\/index.php?rest_route=\/wp\/v2\/pages\/4643\/revisions\/4644"}],"wp:attachment":[{"href":"https:\/\/www.artinbox.cz\/index.php?rest_route=%2Fwp%2Fv2%2Fmedia&parent=4643"}],"curies":[{"name":"wp","href":"https:\/\/api.w.org\/{rel}","templated":true}]}}